- 9. Let d be t(12). Suppose 2*s + 1 + 8 = -3*m, 0 = -m - d. Suppose s = 3*y - 226 - 155. List the prime factors of y.
127
Let k = -28 - -7. Let o = k - 28. List the prime factors of 14/o + 1 + 1166/14.
2, 3, 7
Suppose p + 3*r = 47746, -r - 143188 = 882*p - 885*p. List the prime factors of p.
59, 809
Let d(u) = -2266*u + 618. List the prime factors of d(-12).
2, 3, 5, 103
Suppose 3*m - 23 = -5*h, 4*m + 3*h = -0*m + 27. Suppose -m*w + 27 = -9*w. List the prime factors of (-1188)/w*3/4.
3, 11
Let i(k) = -8*k**2 + k - 16. Let t be i(-4). Let u = t + 500. List the prime factors of u.
2, 11
Let i = -17345 + 28716. What are the prime factors of i?
83, 137
Suppose 2*o - 32 = -6. Let p(w) = -4 - 7 + o*w + 3*w**2 - 15*w. What are the prime factors of p(-4)?
3, 5
What are the prime factors of 24927/7 - (7 - -3)?
53, 67
Let n be (3/(-6))/((-5)/560). Let a = 1198 + n. What are the prime factors of a?
2, 3, 11, 19
Let w(z) = -65*z - 746. What are the prime factors of w(-72)?
2, 7, 281
Let k = -32 - -51. Let n(r) = r**2 + 4*r - 7*r - 9*r - r - k. What are the prime factors of n(15)?
11
Let t(u) = -3 + 5 - 12*u + 46*u**2 - 24*u**2 + 5. List the prime factors of t(6).
727
Let z be (((-150)/(-9))/5)/(2/6). Suppose -5*b + z = 0, -77 = -6*m + m - b. List the prime factors of m/(-5) - 2*-16.
29
Let x(p) = 128*p + 98. Let q be x(-20). Let i = -1195 - q. List the prime factors of i.
7, 181
Let a be 11*(-4605)/(30/6). List the prime factors of 12/8 + (a/6)/(-11).
5, 31
Let t(l) be the second derivative of -34*l + 137/12*l**4 - 3/2*l**2 + 0 + 2/3*l**3. What are the prime factors of t(1)?
2, 3, 23
Let o = -31858 + 50591. List the prime factors of o.
11, 13, 131
Let k be (-1295)/(-3) + 1/3. Let b be -32*(-3)/6*(-7)/(-7). Suppose 4*d - b = k. What are the prime factors of d?
2, 7
Let s(z) = 161*z**2 - 18*z + 275. List the prime factors of s(9).
2, 6577
Let p(l) be the second derivative of -91*l**6/720 - l**5/120 + 7*l**4/12 + 29*l. Let c(b) be the third derivative of p(b). What are the prime factors of c(-1)?
2, 3, 5
Suppose -43*t = -26*t - 51. Suppose 20 = -5*q, l + 2*q = -t*q + 286. What are the prime factors of l?
2, 3, 17
Suppose 5*q = -714 - 521. What are the prime factors of q*(14/(-7) + 1)?
13, 19
Let t(o) = 5790*o + 4449. List the prime factors of t(5).
3, 1237
Suppose -2*o + 13082 = 5*k, -4*k + 3*o + o + 10488 = 0. Suppose 670 = -4*f + k. Suppose f - 7 = 4*b. List the prime factors of b.
2, 3, 5
Let n(h) = -10*h**3 - 249*h**2 + 12*h - 29. Let t be n(-25). Let r = -594 - -389. Let c = r + t. List the prime factors of c.
7, 13
Let s(f) be the third derivative of -5*f**4/24 - f**3 - 18*f**2. Let c be s(5). Let w = 77 + c. What are the prime factors of w?
2, 23
Let t(l) = -12*l - 11. Let b(a) = 16*a + 298. Let c be b(-21). What are the prime factors of t(c)?
5, 89
Let m = 83922 - 58256. What are the prime factors of m?
2, 41, 313
Let z(k) = k**2 - 10*k + 12. Let h be z(10). Suppose -5*y + h = -8. Suppose y*v = 3*v + 8. List the prime factors of v.
2
What are the prime factors of 1150 - ((-21)/(-7) - -4)?
3, 127
Let p = 149 + -74. Let y be 3196/(-10) + -5*(-9)/p. Let m = 563 + y. List the prime factors of m.
2, 61
Let q = -49174 - -74229. List the prime factors of q.
5, 5011
Let k(c) = 9810*c**3 - 2*c + 3. What are the prime factors of k(1)?
9811
Let d = -690 - -464. Let q = 356 + d. Suppose -6 = -2*x + q. List the prime factors of x.
2, 17
Suppose -129 = -4*s - 17. Let l = s + 274. What are the prime factors of l?
2, 151
Let c be (10/6)/((7/21)/1). Suppose -c*x + 147 + 108 = 0. Let t = 93 + x. List the prime factors of t.
2, 3
Suppose -4*r + 3*r - 2*m - 8 = 0, -2*r + 24 = -4*m. Suppose 5*l = w + 268, -6*w + 3*l = -r*w + 1089. Let g = 384 + w. What are the prime factors of g?
3, 37
Let m = -14 - -17. Suppose -7*v - 704 = -2*v - m*w, 5*v + 5*w = -720. Let p = -124 - v. What are the prime factors of p?
2, 3
Let s be (-1 - 17)*(-11)/(-33) - -5. Let k(l) = -172*l**3 - 2*l - 1. What are the prime factors of k(s)?
173
Suppose 0 = 3*a + 3*m - 81, m - 14 = -11. Suppose 42*j - 738 = a*j. List the prime factors of j.
41
Suppose 13*a - 84242 = -11338. List the prime factors of a.
2, 701
Suppose 0 = v - 3*r - 15243 - 2748, -v + 5*r = -17993. What are the prime factors of v?
2, 3, 1499
Let d(i) = 3514*i**2 - 495*i + 1499. List the prime factors of d(3).
2, 5, 7, 113
Suppose 18*q = 70 + 38. Suppose -3*a - 537 = -q*a. List the prime factors of a.
179
Suppose 3*z + z = 0, -2436 = -3*v + 4*z. Suppose -5*d = 9*d - v. List the prime factors of d.
2, 29
Let i(v) = -4*v**2 + 12*v - 5. Let h be i(3). Let o(k) = 10*k**2 + 18*k + 33. What are the prime factors of o(h)?
193
Let u be 32/56*7/2. Suppose -142 = u*i + 5*k - 664, k - 267 = -i. What are the prime factors of i?
271
What are the prime factors of 2*(-3)/20 + 1 + 81117/90?
2, 11, 41
Let p be (-200)/12*(-60)/(-50). What are the prime factors of (32/20)/(-4) - 408/p?
2, 5
Let t be (1 + -1)*(-14)/(-14). Let l(w) = 0*w**2 - 5*w**3 - w**2 - w**3 + t*w**2 - 2*w - 3. List the prime factors of l(-2).
3, 5
Let g(s) = s - 7. Let z be g(5). Let p be 10/(-10) - 16*z. Suppose 35*t - p*t = 352. List the prime factors of t.
2, 11
Suppose 3*y - 2*h + 0*h - 45 = 0, -4*y + 56 = -4*h. Suppose -28*g + y*g + 3817 = 0. What are the prime factors of g?
347
Suppose 14*x = -r + 19*x + 888, -3*x = -5*r + 4352. Suppose 0 = -6*k + r - 334. What are the prime factors of k?
89
Let w(d) = 16*d**2 - 76*d - 3. List the prime factors of w(41).
13, 31, 59
Suppose 38*j - 44*j = -39600. Suppose -856*s + 862*s = j. What are the prime factors of s?
2, 5, 11
Let u(c) = 39*c + 3. Let h be (-104)/18 + (-10)/45. Let t(r) = -38*r - 3. Let a(b) = h*t(b) - 5*u(b). List the prime factors of a(2).
3, 23
What are the prime factors of 1/3 + (-99314)/(-6) - 836/(-627)?
2, 3, 31, 89
Let s(o) = -o**2 + 5*o + 30. Let m be s(8). What are the prime factors of -84*(m + -9) + -6?
2, 3, 41
Suppose -5*t + 51 = -89*h + 87*h, -h = 4*t + 32. Suppose 28 + 6 = 2*g - 5*f, -2*f = -5*g + 64. What are the prime factors of (123/g)/((-7)/h)?
41
Let t = 11 + -8. Let w(g) = 13*g**3 + 3*g**2. Let z be w(t). Let j = z - 197. List the prime factors of j.
181
Let z(q) = 6*q**2 - q + 4. Let c be z(-4). Suppose s = 3*p + 182, -35*p + 2*s = -37*p - 116. Let j = p + c. List the prime factors of j.
2, 11
Let y(j) = -2*j**2 + 21*j - 9. Let o be y(13). Let m = o - -80. Suppose m*i - 969 = 501. List the prime factors of i.
5, 7
Suppose 0 = 5*u - 2*g + 10, -2*u - 5*g + 25 = 3*u. Suppose -3*f + 8*f - 15 = u. Suppose m - 103 = 2*b, -f*b + 118 = m - 0*b. List the prime factors of m.
109
Let u = -3597 + 6652. List the prime factors of u.
5, 13, 47
Let g(a) = -a**3 + 6*a**2 + a - 3. Let m be g(6). Suppose -u = -m*d - 71, u - 142 = -u + 4*d. Let y = 159 - u. List the prime factors of y.
2, 11
Suppose -11*b + 15*b = 472. Suppose 4809 = 13*w - b. List the prime factors of w.
379
Suppose 0 = 61*b - 55*b + 918. Let l = b + 335. List the prime factors of l.
2, 7, 13
Suppose -45*s + 53*s = 4096. Let i = s + -306. What are the prime factors of i?
2, 103
Let f = 8536 + -3496. What are the prime factors of f?
2, 3, 5, 7
Suppose -7*z + 82 = -37. Suppose -3*k = -z*k + 5880. List the prime factors of k.
2, 3, 5, 7
Suppose 0 = -4*y - 5*b - 1786, 5*y - 2*b + 965 + 1284 = 0. Let l = y - -887. What are the prime factors of l?
2, 3, 73
Suppose 0 = -3*a + 3*b - 0*b + 486, 0 = -a - b + 156. Suppose -18*d + 5*q = -17*d - 77, -2*d + 5*q = -a. What are the prime factors of d?
2, 41
Suppose 279*g - 217*g - 506038 - 116628 = 0. List the prime factors of g.
11, 83
Let u be 39/15 - (54/(-10) - -5). Suppose 2*y = 0, 0 = -3*v - y + u*y + 1086. List the prime factors of v.
2, 181
Let h = -615 + 72. Let q = -249 - h. Suppose -32*l = -38*l + q. List the prime factors of l.
7
Suppose 70490 = -4662*y + 4672*y. List the prime factors of y.
7, 19, 53
Let w(r) = -26*r - 8. Let x(g) = 3. Suppose 0 = 14*f - 7*f + 21. Let u(j) = f*w(j) - 12*x(j). List the prime factors of u(2).
2, 3
Let s(d) = -d**3 - d**2 - d - 1. Let r be 0 + 5 + -2 - 4. Let m be s(r). What are the prime factors of (2404/36 - 2/(-9)) + m?
67
Let r = 16716 + -1490. What are the prime factors of r?
2, 23, 331
Suppose 3*x - 5*x = -298. Suppose 0*q + 305 = 2*k + q, q + 5 = 0. Suppose -2*l - m